its digit of 1295?
5
What is the hundreds digit of 69827?
8
What is the units digit of 3568?
8
What is the tens digit of 550?
5
What is the thousands digit of 1053?
1
What is the tens digit of 14034?
3
What is the units digit of 690?
0
What is the hundred thousands digit of 149274?
1
What is the hundreds digit of 70868?
8
What is the hundreds digit of 522?
5
What is the hundreds digit of 5579?
5
What is the thousands digit of 13522?
3
What is the thousands digit of 4869?
4
What is the tens digit of 5762?
6
What is the tens digit of 11490?
9
What is the hundreds digit of 1084?
0
What is the units digit of 210?
0
What is the ten thousands digit of 146641?
4
What is the tens digit of 12886?
8
What is the thousands digit of 1004?
1
What is the units digit of 46936?
6
What is the thousands digit of 5473?
5
What is the tens digit of 21628?
2
What is the hundreds digit of 7034?
0
What is the thousands digit of 5280?
5
What is the units digit of 35909?
9
What is the units digit of 9223?
3
What is the hundreds digit of 1014?
0
What is the hundreds digit of 918?
9
What is the hundreds digit of 2290?
2
What is the hundreds digit of 773?
7
What is the hundreds digit of 980?
9
What is the hundreds digit of 10071?
0
What is the hundreds digit of 4454?
4
What is the tens digit of 1808?
0
What is the tens digit of 46884?
8
What is the units digit of 3560?
0
What is the hundreds digit of 173575?
5
What is the thousands digit of 84525?
4
What is the units digit of 565?
5
What is the units digit of 5238?
8
What is the tens digit of 3283?
8
What is the thousands digit of 3795?
3
What is the thousands digit of 28543?
8
What is the hundreds digit of 2858?
8
What is the tens digit of 596?
9
What is the hundreds digit of 4484?
4
What is the units digit of 708?
8
What is the hundreds digit of 919?
9
What is the units digit of 2243?
3
What is the tens digit of 2994?
9
What is the tens digit of 2158?
5
What is the hundreds digit of 9436?
4
What is the thousands digit of 55028?
5
What is the hundred thousands digit of 144120?
1
What is the thousands digit of 87647?
7
What is the tens digit of 14?
1
What is the hundreds digit of 26114?
1
What is the units digit of 33830?
0
What is the hundreds digit of 135?
1
What is the thousands digit of 1965?
1
What is the ten thousands digit of 65923?
6
What is the hundreds digit of 8427?
4
What is the hundreds digit of 6821?
8
What is the tens digit of 102139?
3
What is the hundreds digit of 9675?
6
What is the units digit of 7725?
5
What is the thousands digit of 18820?
8
What is the thousands digit of 1994?
1
What is the tens digit of 26?
2
What is the thousands digit of 6036?
6
What is the ten thousands digit of 156367?
5
What is the units digit of 1164?
4
What is the tens digit of 17?
1
What is the units digit of 3067?
7
What is the units digit of 384?
4
What is the thousands digit of 95068?
5
What is the units digit of 674?
4
What is the thousands digit of 4677?
4
What is the hundreds digit of 1126?
1
What is the units digit of 194369?
9
What is the hundreds digit of 1901?
9
What is the tens digit of 3478?
7
What is the hundreds digit of 3683?
6
What is the units digit of 668?
8
What is the tens digit of 189?
8
What is the units digit of 31?
1
What is the ten thousands digit of 175222?
7
What is the hundred thousands digit of 184000?
1
What is the hundreds digit of 1966?
9
What is the tens digit of 12705?
0
What is the tens digit of 528?
2
What is the units digit of 1292?
2
What is the hundreds digit of 3552?
5
What is the thousands digit of 4725?
4
What is the tens digit of 104016?
1
What is the tens digit of 1538?
3
What is the thousands digit of 1949?
1
What is the tens digit of 712?
1
What is the thousands digit of 22592?
2
What is the units digit of 142?
2
What is the units digit of 54330?
0
What is the units digit of 12407?
7
What is the units digit of 328?
8
What is the thousands digit of 3737?
3
What is the thousands digit of 1190?
1
What is the tens digit of 4089?
8
What is the ten thousands digit of 22586?
2
What is the tens digit of 512?
1
What is the tens digit of 3127?
2
What is the thousands digit of 24618?
4
What is the hundreds digit of 190?
1
What is the hundreds digit of 153278?
2
What is the ten thousands digit of 40368?
4
What is the hundreds digit of 10250?
2
What is the hundreds digit of 483?
4
What is the units digit of 2337?
7
What is the tens digit of 1269?
6
What is the tens digit of 11511?
1
What is the tens digit of 287?
8
What is the tens digit of 183?
8
What is the hundreds digit of 2103?
1
What is the units digit of 59?
9
What is the ten thousands digit of 18498?
1
What is the ten thousands digit of 124772?
2
What is the thousands digit of 9361?
9
What is the tens digit of 34750?
5
What is the thousands digit of 2562?
2
What is the units digit of 59490?
0
What is the tens digit of 1192?
9
What is the thousands digit of 1388?
1
What is the hundreds digit of 2126?
1
What is the units digit of 83757?
7
What is the tens digit of 817?
1
What is the tens digit of 369?
6
What is the units digit of 35544?
4
What is the ten thousands digit of 71822?
7
What is the units digit of 21450?
0
What is the hundreds digit of 1252?
2
What is the units digit of 1835?
5
What is the thousands digit of 1568?
1
What is the units digit of 5001?
1
What is the hundreds digit of 2399?
3
What is the hundreds digit of 1407?
4
What is the thousands digit of 2135?
2
What is the hundreds digit of 8333?
3
What is the thousands digit of 31313?
1
What is the tens digit of 10539?
3
What is the tens digit of 3178?
7
What is the thousands digit of 152780?
2
What is the units digit of 53472?
2
What is the thousands digit of 60836?
0
What is the thousands digit of 4170?
4
What is the hundreds digit of 26887?
8
What is the units digit of 232?
2
What is the thousands digit of 4600?
4
What is the hundreds digit of 486?
4
What is the hundreds digit of 1902?
9
What is the hundreds digit of 38338?
3
What is the tens digit of 3454?
5
What is the thousands digit of 5087?
5
What is the tens digit of 638?
3
What is the tens digit of 960?
6
What is the thousands digit of 7573?
7
What is the tens digit of 208423?
2
What is the units digit of 71655?
5
What is the thousands digit of 38665?
8
What is the tens digit of 527?
2
What is the thousands digit of 16785?
6
What is the thousands digit of 11773?
1
What is the ten thousands digit of 17890?
1
What is the units digit of 15835?
5
What is the tens digit of 330?
3
What is the thousands digit of 3986?
3
What is the tens digit of 294?
9
What is the tens digit of 690?
9
What is the units digit of 1384?
4
What is the units digit of 2381?
1
What is the ten thousands digit of 13543?
1
What is the tens digit of 5299?
9
What is the units digit of 2516?
6
What is the hundreds digit of 2771?
7
What is the units digit of 3065?
5
What is the tens digit of 41182?
8
What is the thousands digit of 7751?
7
What is the thousands digit of 1097?
1
What is the units digit of 20179?
9
What is the tens digit of 2104?
0
What is the ten thousands digit of 89270?
8
What is the tens digit of 41?
4
What is the tens digit of 9330?
3
What is the units digit of 90?
0
What is the hundreds digit of 8547?
5
What is the units digit of 2694?
4
What is the units digit of 1183?
3
What is the tens digit of 14216?
1
What is the hundreds digit of 10943?
9
What is the hundreds digit of 806?
8
What is the hundreds digit of 3764?
7
What is the tens digit of 1758?
5
What is the tens digit of 43645?
4
What is the tens digit of 476?
7
What is the thousands digit of 22229?
2
What is the tens digit of 29639?
3
What is the thousands digit of 35700?
5
What is the tens digit of 9297?
9
What is the ten thousands digit of 17306?
1
What is the units digit of 3153?
3
What is the hundreds digit of 14240?
2
What is the hundreds digit of 33910?
9
What is the tens digit of 4413?
1
What is the thousands digit of 5463?
5
What is the thousands digit of 8962?
8
What is the hundreds digit of 5280?
2
What is the thousands digit of 1068?
1
What is the hundreds digit of 111470?
4
What is the hundreds digit of 93693?
6
What is the units digit of 6943?
3
What is the tens digit of 6106?
0
What is the hundreds digit of 4490?
4
What is the hundreds digit of 1684?
6
Wha